{"id":15,"date":"2015-11-13T09:55:15","date_gmt":"2015-11-13T08:55:15","guid":{"rendered":"http:\/\/01design.eu\/citu\/WordPress3\/?page_id=15"},"modified":"2025-01-14T10:36:00","modified_gmt":"2025-01-14T09:36:00","slug":"membres","status":"publish","type":"page","link":"https:\/\/citu-paragraphe.fr\/index.php\/membres\/","title":{"rendered":"Membres"},"content":{"rendered":"\n<p><\/p>\n\n\n\n<h2>Membres<\/h2>\n\n\n\n<figure class=\"wp-block-table\"><table><tbody><tr><td>Khaldoun Zreik<\/td><td>Professeur des universit\u00e9s<\/td><\/tr><tr><td>Imad Saleh<\/td><td>Professeur des universit\u00e9s<\/td><\/tr><tr><td>Arab Ben Ali Cherif <\/td><td>Professeur des universit\u00e9s<\/td><\/tr><tr><td>Gilles Bernard<\/td><td>Professeur des universit\u00e9s<\/td><\/tr><tr><td>Nasreddine Bouhai<\/td><td>Ma\u00eetre de Conf\u00e9rences<\/td><\/tr><tr><td>Marc Veyrat<\/td><td>Ma\u00eetre de Conf\u00e9rences HDR<\/td><\/tr><tr><td>Guillaume Besacier<\/td><td>Ma\u00eetre de Conf\u00e9rences<\/td><\/tr><tr><td>Youcef Touati<\/td><td>Ma\u00eetre de Conf\u00e9rences<\/td><\/tr><tr><td>Jean Jacques Mariage<\/td><td>Ma\u00eetre de Conf\u00e9rences<\/td><\/tr><tr><td>Rakia Jaziri<\/td><td>Ma\u00eetresse de Conf\u00e9rences<\/td><\/tr><tr><td>Seddiki Lynda<\/td><td>Ma\u00eetresse de Conf\u00e9rences<\/td><\/tr><tr><td>Matthieu Quiniou<\/td><td>Ma\u00eetre de Conf\u00e9rences<\/td><\/tr><tr><td>Nicolas Sauret<\/td><td>Ma\u00eetre de Conf\u00e9rences<\/td><\/tr><tr><td>Jean Jacques Gay<\/td><td>Docteur en SIC \/ Artiste<\/td><\/tr><tr><td>Dino Ahmad Ali<\/td><td>Artiste visuel<\/td><\/tr><tr><td>Luis Torres-Yepez<\/td><td>Docteur en SIC \/ Enseignant Chercheur<\/td><\/tr><tr><td>Onur Sagkan<\/td><td>Docteur en SIC<\/td><\/tr><tr><td>Lei Tian<\/td><td>Doctorante<\/td><\/tr><tr><td>Shumin Liang<\/td><td>Doctorante<\/td><\/tr><tr><td>Manon Micaletti<\/td><td>Doctorante<\/td><\/tr><tr><td>Sabrina Mazigh<\/td><td>Doctorante<\/td><\/tr><tr><td>Alyse Yilmaz<\/td><td>Doctorant<\/td><\/tr><tr><td>Stanislav Kuraki<\/td><td>Doctorant<\/td><\/tr><tr><td>Philippe Franck<\/td><td>Doctorant \/ Artiste<\/td><\/tr><tr><td>MICALETTI Pierre-micha\u00eb<\/td><td>Doctorant<\/td><\/tr><tr><td>Thomas Cheneseau<\/td><td>Doctorant<\/td><\/tr><tr><td>Jammel Jamel<\/td><td>Doctorant<\/td><\/tr><tr><td>Rawya Bdiwi<\/td><td>Doctorante<\/td><\/tr><\/tbody><\/table><\/figure>\n\n\n\n<p><\/p>\n\n\n","protected":false},"excerpt":{"rendered":"<p>Membres Khaldoun Zreik Professeur des universit\u00e9s Imad Saleh Professeur des universit\u00e9s Arab Ben Ali Cherif Professeur des universit\u00e9s Gilles Bernard Professeur des universit\u00e9s Nasreddine Bouhai Ma\u00eetre de Conf\u00e9rences Marc Veyrat Ma\u00eetre de Conf\u00e9rences HDR Guillaume Besacier Ma\u00eetre de Conf\u00e9rences Youcef Touati Ma\u00eetre de Conf\u00e9rences Jean Jacques Mariage Ma\u00eetre de Conf\u00e9rences Rakia Jaziri Ma\u00eetresse de Conf\u00e9rences &hellip;<\/p>\n","protected":false},"author":15,"featured_media":0,"parent":0,"menu_order":0,"comment_status":"closed","ping_status":"closed","template":"","meta":[],"jetpack-related-posts":[{"id":3099,"url":"https:\/\/citu-paragraphe.fr\/index.php\/membres-associes\/","url_meta":{"origin":15,"position":0},"title":"Membres associ\u00e9s","author":"Luis Torres Yepez","date":"13 septembre 2019","format":false,"excerpt":"Membres associ\u00e9s Jacques DucloyChercheur \u00e9m\u00e9rite LORIAKaaouas NadiaProfesseure des Universit\u00e9s \/ Universit\u00e9 Hassan II, MarocHammou FADILIChercheur \/FMSH Paris","rel":"","context":"Article similaire","block_context":{"text":"Article similaire","link":""},"img":{"alt_text":"","src":"","width":0,"height":0},"classes":[]},{"id":191,"url":"https:\/\/citu-paragraphe.fr\/index.php\/membres\/guillaume-besacier\/","url_meta":{"origin":15,"position":1},"title":"Guillaume Besacier","author":"Pierre Ch\u00e2tel-Innocenti","date":"27 novembre 2015","format":false,"excerpt":"Guillaume Besacier Ma\u00eetre de conf\u00e9rence \/ Associate Professor Guillaume Besacier is an Associate Professor in Computer Science at Universit\u00e9 Paris 8, in the Digital Humanities department and the Citu-Paragraphe research team. His research themes are broadly defined by how new digital devices and new interaction techniques can change the way\u2026","rel":"","context":"Article similaire","block_context":{"text":"Article similaire","link":""},"img":{"alt_text":"","src":"","width":0,"height":0},"classes":[]},{"id":90,"url":"https:\/\/citu-paragraphe.fr\/index.php\/accueil-test\/","url_meta":{"origin":15,"position":2},"title":"A propos","author":"Pierre Ch\u00e2tel-Innocenti","date":"25 novembre 2015","format":false,"excerpt":"Qui sommes nous","rel":"","context":"Article similaire","block_context":{"text":"Article similaire","link":""},"img":{"alt_text":"","src":"","width":0,"height":0},"classes":[]},{"id":3514,"url":"https:\/\/citu-paragraphe.fr\/index.php\/membres\/alyse-yilmaz\/","url_meta":{"origin":15,"position":3},"title":"Alyse Yilmaz","author":"Alyse Yilmaz","date":"24 novembre 2020","format":false,"excerpt":"Alyse Yilmaz Doctorante contractuelle Actuellement doctorante en sciences humaines et sociales, Alyse Yilmaz se sp\u00e9cialise dans l'\u00e9tude des dynamiques d'appropriation des technologies. Son travail s'appuie sur une m\u00e9thodologie mixte, alliant des approches quantitatives et qualitatives pour une analyse exhaustive. Elle est affili\u00e9e au laboratoire Paragraphe, une collaboration entre l'Universit\u00e9 Paris\u2026","rel":"","context":"Article similaire","block_context":{"text":"Article similaire","link":""},"img":{"alt_text":"","src":"","width":0,"height":0},"classes":[]},{"id":2009,"url":"https:\/\/citu-paragraphe.fr\/index.php\/anciens-membres\/","url_meta":{"origin":15,"position":4},"title":"Anciens membres","author":"Luis Torres Yepez","date":"21 janvier 2019","format":false,"excerpt":"Anciens membres Areti DamalaATERPierre Ch\u00e2tel-InnocentiIng\u00e9nieur de rechercheSamuel SzonieckyMa\u00eetre de Conf\u00e9rencesEverardo ReyesMa\u00eetre de Conf\u00e9rencesViviane FolcherMa\u00eetresse de Conf\u00e9rences HDRMarilou KordahiEnseignante-chercheuse","rel":"","context":"Article similaire","block_context":{"text":"Article similaire","link":""},"img":{"alt_text":"","src":"","width":0,"height":0},"classes":[]},{"id":193,"url":"https:\/\/citu-paragraphe.fr\/index.php\/membres\/doctorants\/","url_meta":{"origin":15,"position":5},"title":"Doctorants","author":"Pierre Ch\u00e2tel-Innocenti","date":"27 novembre 2015","format":false,"excerpt":"","rel":"","context":"Article similaire","block_context":{"text":"Article similaire","link":""},"img":{"alt_text":"","src":"","width":0,"height":0},"classes":[]}],"_links":{"self":[{"href":"https:\/\/citu-paragraphe.fr\/index.php\/wp-json\/wp\/v2\/pages\/15"}],"collection":[{"href":"https:\/\/citu-paragraphe.fr\/index.php\/wp-json\/wp\/v2\/pages"}],"about":[{"href":"https:\/\/citu-paragraphe.fr\/index.php\/wp-json\/wp\/v2\/types\/page"}],"author":[{"embeddable":true,"href":"https:\/\/citu-paragraphe.fr\/index.php\/wp-json\/wp\/v2\/users\/15"}],"replies":[{"embeddable":true,"href":"https:\/\/citu-paragraphe.fr\/index.php\/wp-json\/wp\/v2\/comments?post=15"}],"version-history":[{"count":9,"href":"https:\/\/citu-paragraphe.fr\/index.php\/wp-json\/wp\/v2\/pages\/15\/revisions"}],"predecessor-version":[{"id":8814,"href":"https:\/\/citu-paragraphe.fr\/index.php\/wp-json\/wp\/v2\/pages\/15\/revisions\/8814"}],"wp:attachment":[{"href":"https:\/\/citu-paragraphe.fr\/index.php\/wp-json\/wp\/v2\/media?parent=15"}],"curies":[{"name":"wp","href":"https:\/\/api.w.org\/{rel}","templated":true}]}}