{"id":185,"date":"2015-11-27T15:13:01","date_gmt":"2015-11-27T14:13:01","guid":{"rendered":"http:\/\/citu-paragraphe.fr\/?page_id=185"},"modified":"2023-04-14T09:18:40","modified_gmt":"2023-04-14T08:18:40","slug":"nasreddine-bouhai","status":"publish","type":"page","link":"https:\/\/citu-paragraphe.fr\/index.php\/membres\/nasreddine-bouhai\/","title":{"rendered":"Nasreddine Bouhai"},"content":{"rendered":"\n<p>est ma\u00eetre de conf\u00e9rence en informatique en Sciences de l&#8217;information et de la communication, \u00e0 l&#8217;Universit\u00e9 Paris 8,  d\u00e9partement Humanit\u00e9s num\u00e9riques , Axe de  recherche Citu-Paragraphe du laboratoire Paragraphe.<\/p>\n","protected":false},"excerpt":{"rendered":"<p>est ma\u00eetre de conf\u00e9rence en informatique en Sciences de l&#8217;information et de la communication, \u00e0 l&#8217;Universit\u00e9 Paris 8, d\u00e9partement Humanit\u00e9s num\u00e9riques , Axe de recherche Citu-Paragraphe du laboratoire Paragraphe.<\/p>\n","protected":false},"author":1,"featured_media":0,"parent":15,"menu_order":0,"comment_status":"closed","ping_status":"closed","template":"","meta":[],"jetpack-related-posts":[{"id":950,"url":"https:\/\/citu-paragraphe.fr\/index.php\/projets\/dualcorps\/","url_meta":{"origin":185,"position":0},"title":"DualCorps","author":"Pierre Ch\u00e2tel-Innocenti","date":"9 juin 2016","format":false,"excerpt":"DUALCORPS Description DualCorps est un projet exp\u00e9rimental \u00e0 la crois\u00e9e de l\u2019art num\u00e9rique, de la performance et de la recherche-action. Le coeur du projet est une recherche Art-Science autour de la cyber-g\u00e9m\u00e9lleit\u00e9, du poids des donn\u00e9es dans la cr\u00e9ation des identit\u00e9s num\u00e9riques, et de la repr\u00e9sentation de ces derni\u00e8res. Les\u2026","rel":"","context":"Article similaire","block_context":{"text":"Article similaire","link":""},"img":{"alt_text":"visueldualcorps537","src":"https:\/\/i0.wp.com\/citu-paragraphe.fr\/wp-content\/uploads\/2016\/06\/visueldualcorps537.jpg?resize=350%2C200","width":350,"height":200,"srcset":"https:\/\/i0.wp.com\/citu-paragraphe.fr\/wp-content\/uploads\/2016\/06\/visueldualcorps537.jpg?resize=350%2C200 1x, https:\/\/i0.wp.com\/citu-paragraphe.fr\/wp-content\/uploads\/2016\/06\/visueldualcorps537.jpg?resize=525%2C300 1.5x"},"classes":[]},{"id":11,"url":"https:\/\/citu-paragraphe.fr\/index.php\/actualites\/","url_meta":{"origin":185,"position":1},"title":"Actualit\u00e9s","author":"Pierre Ch\u00e2tel-Innocenti","date":"13 novembre 2015","format":false,"excerpt":"","rel":"","context":"Article similaire","block_context":{"text":"Article similaire","link":""},"img":{"alt_text":"","src":"","width":0,"height":0},"classes":[]},{"id":27,"url":"https:\/\/citu-paragraphe.fr\/index.php\/projets\/","url_meta":{"origin":185,"position":2},"title":"Projets","author":"Pierre Ch\u00e2tel-Innocenti","date":"13 novembre 2015","format":false,"excerpt":"","rel":"","context":"Article similaire","block_context":{"text":"Article similaire","link":""},"img":{"alt_text":"","src":"","width":0,"height":0},"classes":[]},{"id":193,"url":"https:\/\/citu-paragraphe.fr\/index.php\/membres\/doctorants\/","url_meta":{"origin":185,"position":3},"title":"Doctorants","author":"Pierre Ch\u00e2tel-Innocenti","date":"27 novembre 2015","format":false,"excerpt":"","rel":"","context":"Article similaire","block_context":{"text":"Article similaire","link":""},"img":{"alt_text":"","src":"","width":0,"height":0},"classes":[]},{"id":528,"url":"https:\/\/citu-paragraphe.fr\/index.php\/colloques\/01design\/","url_meta":{"origin":185,"position":4},"title":"01Design","author":"Pierre Ch\u00e2tel-Innocenti","date":"18 d\u00e9cembre 2015","format":false,"excerpt":"","rel":"","context":"Article similaire","block_context":{"text":"Article similaire","link":""},"img":{"alt_text":"","src":"","width":0,"height":0},"classes":[]},{"id":538,"url":"https:\/\/citu-paragraphe.fr\/index.php\/colloques\/h2ptm\/","url_meta":{"origin":185,"position":5},"title":"H2PTM","author":"Pierre Ch\u00e2tel-Innocenti","date":"18 d\u00e9cembre 2015","format":false,"excerpt":"","rel":"","context":"Article similaire","block_context":{"text":"Article similaire","link":""},"img":{"alt_text":"","src":"","width":0,"height":0},"classes":[]}],"_links":{"self":[{"href":"https:\/\/citu-paragraphe.fr\/index.php\/wp-json\/wp\/v2\/pages\/185"}],"collection":[{"href":"https:\/\/citu-paragraphe.fr\/index.php\/wp-json\/wp\/v2\/pages"}],"about":[{"href":"https:\/\/citu-paragraphe.fr\/index.php\/wp-json\/wp\/v2\/types\/page"}],"author":[{"embeddable":true,"href":"https:\/\/citu-paragraphe.fr\/index.php\/wp-json\/wp\/v2\/users\/1"}],"replies":[{"embeddable":true,"href":"https:\/\/citu-paragraphe.fr\/index.php\/wp-json\/wp\/v2\/comments?post=185"}],"version-history":[{"count":2,"href":"https:\/\/citu-paragraphe.fr\/index.php\/wp-json\/wp\/v2\/pages\/185\/revisions"}],"predecessor-version":[{"id":4823,"href":"https:\/\/citu-paragraphe.fr\/index.php\/wp-json\/wp\/v2\/pages\/185\/revisions\/4823"}],"up":[{"embeddable":true,"href":"https:\/\/citu-paragraphe.fr\/index.php\/wp-json\/wp\/v2\/pages\/15"}],"wp:attachment":[{"href":"https:\/\/citu-paragraphe.fr\/index.php\/wp-json\/wp\/v2\/media?parent=185"}],"curies":[{"name":"wp","href":"https:\/\/api.w.org\/{rel}","templated":true}]}}