{"id":189,"date":"2015-11-27T15:16:54","date_gmt":"2015-11-27T14:16:54","guid":{"rendered":"http:\/\/citu-paragraphe.fr\/?page_id=189"},"modified":"2015-11-27T15:16:54","modified_gmt":"2015-11-27T14:16:54","slug":"imad-saleh","status":"publish","type":"page","link":"https:\/\/citu-paragraphe.fr\/index.php\/membres\/imad-saleh\/","title":{"rendered":"Imad Saleh"},"content":{"rendered":"<h1>Profil<\/h1>\n<h1>Enseignements et responsabilit\u00e9s administratives<\/h1>\n<h1>Publications<\/h1>\n","protected":false},"excerpt":{"rendered":"<p>Profil Enseignements et responsabilit\u00e9s administratives Publications<\/p>\n","protected":false},"author":1,"featured_media":0,"parent":15,"menu_order":0,"comment_status":"closed","ping_status":"closed","template":"","meta":[],"jetpack-related-posts":[{"id":3507,"url":"https:\/\/citu-paragraphe.fr\/index.php\/membres\/shumin-liang\/","url_meta":{"origin":189,"position":0},"title":"Shumin Liang","author":"Luis Torres Yepez","date":"24 novembre 2020","format":false,"excerpt":"Profil Enseignements et responsabilit\u00e9s administratives Publications","rel":"","context":"Article similaire","block_context":{"text":"Article similaire","link":""},"img":{"alt_text":"","src":"","width":0,"height":0},"classes":[]},{"id":3510,"url":"https:\/\/citu-paragraphe.fr\/index.php\/membres\/manon-micaletti\/","url_meta":{"origin":189,"position":1},"title":"Manon Micaletti","author":"Luis Torres Yepez","date":"24 novembre 2020","format":false,"excerpt":"Profil Enseignements et responsabilit\u00e9s administratives Publications","rel":"","context":"Article similaire","block_context":{"text":"Article similaire","link":""},"img":{"alt_text":"","src":"","width":0,"height":0},"classes":[]},{"id":3512,"url":"https:\/\/citu-paragraphe.fr\/index.php\/membres\/sabrina-mazigh\/","url_meta":{"origin":189,"position":2},"title":"Sabrina Mazigh","author":"Luis Torres Yepez","date":"24 novembre 2020","format":false,"excerpt":"Profil Enseignements et responsabilit\u00e9s administratives Publications","rel":"","context":"Article similaire","block_context":{"text":"Article similaire","link":""},"img":{"alt_text":"","src":"","width":0,"height":0},"classes":[]},{"id":3516,"url":"https:\/\/citu-paragraphe.fr\/index.php\/membres\/stanislav-kuraki\/","url_meta":{"origin":189,"position":3},"title":"Stanislav Kuraki","author":"Luis Torres Yepez","date":"24 novembre 2020","format":false,"excerpt":"Profil Enseignements et responsabilit\u00e9s administratives Publications","rel":"","context":"Article similaire","block_context":{"text":"Article similaire","link":""},"img":{"alt_text":"","src":"","width":0,"height":0},"classes":[]},{"id":3514,"url":"https:\/\/citu-paragraphe.fr\/index.php\/membres\/alyse-yilmaz\/","url_meta":{"origin":189,"position":4},"title":"Alyse Yilmaz","author":"Alyse Yilmaz","date":"24 novembre 2020","format":false,"excerpt":"Alyse Yilmaz Doctorante contractuelle Actuellement doctorante en sciences humaines et sociales, Alyse Yilmaz se sp\u00e9cialise dans l'\u00e9tude des dynamiques d'appropriation des technologies. Son travail s'appuie sur une m\u00e9thodologie mixte, alliant des approches quantitatives et qualitatives pour une analyse exhaustive. Elle est affili\u00e9e au laboratoire Paragraphe, une collaboration entre l'Universit\u00e9 Paris\u2026","rel":"","context":"Article similaire","block_context":{"text":"Article similaire","link":""},"img":{"alt_text":"","src":"","width":0,"height":0},"classes":[]},{"id":29,"url":"https:\/\/citu-paragraphe.fr\/index.php\/formation\/","url_meta":{"origin":189,"position":5},"title":"Formation","author":"Pierre Ch\u00e2tel-Innocenti","date":"13 novembre 2015","format":false,"excerpt":"Formation Activit\u00e9 D\u00e9tail de l\u2019activit\u00e9 Contact pour l\u2019activit\u00e9 Licence pro CDNL Cr\u00e9ation et d\u00e9veloppement num\u00e9riques en ligne Samuel SZONIECKY Master NET Num\u00e9rique : Enjeux, Technologies Khaldoun ZREIK Atelier M2 NET - BnF Conception de projets ergonomiques en \u00e9quipes pluridisciplinaires Khaldoun ZREIK, Viviane FOLCHER M2 THYP Imad SALEH, Nasreddine BOUHAI Les\u2026","rel":"","context":"Article similaire","block_context":{"text":"Article similaire","link":""},"img":{"alt_text":"","src":"","width":0,"height":0},"classes":[]}],"_links":{"self":[{"href":"https:\/\/citu-paragraphe.fr\/index.php\/wp-json\/wp\/v2\/pages\/189"}],"collection":[{"href":"https:\/\/citu-paragraphe.fr\/index.php\/wp-json\/wp\/v2\/pages"}],"about":[{"href":"https:\/\/citu-paragraphe.fr\/index.php\/wp-json\/wp\/v2\/types\/page"}],"author":[{"embeddable":true,"href":"https:\/\/citu-paragraphe.fr\/index.php\/wp-json\/wp\/v2\/users\/1"}],"replies":[{"embeddable":true,"href":"https:\/\/citu-paragraphe.fr\/index.php\/wp-json\/wp\/v2\/comments?post=189"}],"version-history":[{"count":0,"href":"https:\/\/citu-paragraphe.fr\/index.php\/wp-json\/wp\/v2\/pages\/189\/revisions"}],"up":[{"embeddable":true,"href":"https:\/\/citu-paragraphe.fr\/index.php\/wp-json\/wp\/v2\/pages\/15"}],"wp:attachment":[{"href":"https:\/\/citu-paragraphe.fr\/index.php\/wp-json\/wp\/v2\/media?parent=189"}],"curies":[{"name":"wp","href":"https:\/\/api.w.org\/{rel}","templated":true}]}}

<h1>Profil</h1>
<h1>Enseignements et responsabilités administratives</h1>
<h1>Publications</h1>

<p>Profil Enseignements et responsabilités administratives Publications</p>

Profil Enseignements et responsabilités administratives Publications

Alyse Yilmaz Doctorante contractuelle Actuellement doctorante en sciences humaines et sociales, Alyse Yilmaz se spécialise dans l'étude des dynamiques d'appropriation des technologies. Son travail s'appuie sur une méthodologie mixte, alliant des approches quantitatives et qualitatives pour une analyse exhaustive. Elle est affiliée au laboratoire Paragraphe, une collaboration entre l'Université Paris…

Pierre Châtel-Innocenti

Formation Activité Détail de l’activité Contact pour l’activité Licence pro CDNL Création et développement numériques en ligne Samuel SZONIECKY Master NET Numérique : Enjeux, Technologies Khaldoun ZREIK Atelier M2 NET - BnF Conception de projets ergonomiques en équipes pluridisciplinaires Khaldoun ZREIK, Viviane FOLCHER M2 THYP Imad SALEH, Nasreddine BOUHAI Les…
