{"id":4337,"date":"2021-11-08T21:29:27","date_gmt":"2021-11-08T20:29:27","guid":{"rendered":"http:\/\/citu-paragraphe.fr\/?page_id=4337"},"modified":"2021-11-08T21:37:14","modified_gmt":"2021-11-08T20:37:14","slug":"marc-veyrat","status":"publish","type":"page","link":"https:\/\/citu-paragraphe.fr\/index.php\/membres\/marc-veyrat\/","title":{"rendered":"Marc Veyrat"},"content":{"rendered":"<h1>Marc Veyrat<\/h1>\n<p><strong>Universit\u00e9 Savoie Mont-Blanc\u00a0<\/strong><br \/>\nMCF 18\u00e8me Section \/ Laboratoire LLSETI \u2014 AXE 2\u00a0\u2014 Texte Image &amp; Arts Num\u00e9riques<br \/>\nResponsable AXE 2-1 Les Fabriques des Histoires<br \/>\nChercheur associ\u00e9 Chaire UNESCO \/ ITEN<br \/>\nDirecteur D\u00e9partement Communication Hyperm\u00e9dia (2002 \u2013 2005 \/ 2008 \u2013 2012 &amp; depuis 2018)<\/p>\n<h2>Champ de recherche\u00a0:<\/h2>\n<p>Complexit\u00e9 de la mise en forme textuelle et visuelle des informations \u2014 dans l\u2019art num\u00e9rique, visuel et contemporain \u2014 des mises en r\u00e9seau et des strat\u00e9gies d\u2019information, en particulier dans les dispositifs de R\u00e9alit\u00e9 Mixte (XR) et \u00e0 travers les r\u00e9seaux sociaux ou le web. <a href=\"https:\/\/www.imateriel.org\">https:\/\/www.imateriel.org <\/a><\/p>\n<h2>Journaux \/ Revues<\/h2>\n<p>Veyrat, Marc. \u00ab\u00a0Horses: unintentional design case study&#8221;. In IJDST, International Journal of Design Sciences &amp; Technology, Vol 24 N\u00b0 1 (2020), sous la direction de Khaldoun Zreik, Guillaume Besacier, Matthieu Quiniou et Xiao Zhang. Revue en ligne : <a href=\"http:\/\/ijdst.europia.org\/index.php\/ijdst\/issue\/view\/43\">http:\/\/ijdst.europia.org\/index.php\/ijdst\/issue\/view\/43<\/a><\/p>\n<p>Veyrat, Marc et Brandon, Carole. \u00ab\u00a0Para uma metodologia visual em a\u00e7\u00e3o na investiga\u00e7\u00e3o-cria\u00e7\u00e3o: o exemplo de SORODAS I Towards a visual methodology in research-creation: the example of SORODAS\u00a0\u00bb. In Arte p\u00fablica para a comunica\u00e7\u00e3o tur\u00edstica | Public art for tourist communication | 2020 volume VII | n.1, sous la direction de Pedro Andrade &amp; M\u00e1rio Caeiro. Revista Lus\u00f3fona de Estudos Culturais | Lusophone Journal of Cultural Studies, 2020. Revue en ligne\u00a0: portugais et anglais.<br \/>\n<a href=\"https:\/\/rlec.pt\/issue\/view\/128\/fullissue7.1PT\">https:\/\/rlec.pt\/issue\/view\/128\/fullissue7.1PT<\/a><\/p>\n<p>Veyrat, Marc. \u00ab\u00a0La Princesse et son MAC \/ Princesse de l\u2019i-REAL : l\u2019EN-VERS d\u2019un processus de s\u00e9dimentation\u00a0\u00bb, Revue R\u00e9el \/ Virtuel n\u00b06 \u00ab Les normes du num\u00e9rique \u00bb, 2019,<br \/>\n<a href=\"http:\/\/www.reel-virtuel.com\/numeros\/numero6\/varia\/princesse-mac\">http:\/\/www.reel-virtuel.com\/numeros\/numero6\/varia\/princesse-mac<\/a><\/p>\n<p>Veyrat, Marc et Brandon, Carole. \u00ab SORODAS, Pour une m\u00e9thodologie visuelle en recherche cr\u00e9ation \u00bb, Revista Latina de Comunicacion Social, 2018.<br \/>\n<a href=\"http:\/\/www.revistalatinacs.org\/18SLCS\/2018_libro2\/079_Veyrat.pdf\">http:\/\/www.revistalatinacs.org\/18SLCS\/2018_libro2\/079_Veyrat.pdf<\/a><\/p>\n<p>Veyrat, Marc et Soudan, Franck. \u00ab Le Jardin des D\u00e9lices : La Trans-apparence ou le toucher de l\u2019ange \u00bb, In Po\u00e9tiques et esth\u00e9tiques num\u00e9riques tactiles : Litt\u00e9rature et Arts, sous la direction de Ana\u00efs Guilet et Emmanuelle Pelard, Cahiers virtuels laboratoire nt2, UQAM, 2016. <a href=\"http:\/\/nt2.uqam.ca\/fr\/cahiers-virtuels\/article\/le-jardin-des-delices-la-trans-apparence-ou-le-toucher-de-lange\">http:\/\/nt2.uqam.ca\/fr\/cahiers-virtuels\/article\/le-jardin-des-delices-la-trans-apparence-ou-le-toucher-de-lange<\/a><\/p>\n<p>Veyrat, Marc. \u00ab\u00a0D-i\/signe &gt; &lt; i+D\/signe\u00a0\u00bb. In Figures de l\u2019Art n\u00b0XXV, Le Design dans l\u2019art contemporain. Revue sous la direction de Bernard Lafargue, PUP, Presses Universitaires de Pau, 2013, pp.279-292.<\/p>\n<p>Veyrat, Marc et Chabert, Ghislaine. \u00ab\u00a0eMOTION &#8211; Pour une mobilit\u00e9 multi-sensorielle\u00a0\u00bb. In revue ITACA project \/ iCCi n\u00b01 : LabAV \u2013 Laboratorio de Antopologia Visual Universidade. ABERTA, 2012.<br \/>\n<a href=\"https:\/\/hal.archives-ouvertes.fr\/hal-01948460\">https:\/\/hal.archives-ouvertes.fr\/hal-01948460<\/a><\/p>\n<p>Veyrat, Marc. \u00ab\u00a0Coin locker BABE-i : pour une forme de d\u00e9sinvolture\u00a0\u00bb. In Figures de l\u2019Art n\u00b014 \/ La d\u00e9sinvolture de l\u2019art. Revue sous la direction de Bernard Lafargue. PUP, Presses Universitaires de Pau, 2007, pp.263-274.<\/p>\n<p>Veyrat, Marc. \u00ab\u00a0Introduction \u00e0 l\u2019i-MONDE \u00bb. In Le Parcours Multim\u00e9dia, Cahiers de Champs Visuels n\u00b03. Revue sous la direction de Bruno Cailler. \u00c9ditons L\u2019Harmattan, 2007, pp.141-173.<\/p>\n<h2>Ouvrages<\/h2>\n<p>Zreik, Khaldoun \/ Veyrat, Marc \/ Laudati, Patrizia &amp; Gabriel Bursztyn. \u00ab Vers une ville sociale intelligente, HyperUrbain 7 \u00bb. \u00c9ditions Europia Productions, Paris, 2021.<\/p>\n<p>Veyrat, Marc. \u00ab Texte et Image 5. Les Fabriques des Histoires \u00bb. Presses de l\u2019Universit\u00e9 Savoie Mont-Blanc &amp; Universit\u00e9 Paris 8 Cr\u00e9aTIC-ID\u00c9FI, Chamb\u00e9ry, LLSETI, Collection \u00ab Texte &amp; Image \u00bb, 2019.<\/p>\n<p>Veyrat, Marc \/ Zreik, Khaldoun \/ Laudati, Patrizia. \u00ab Art et Ville Post-Num\u00e9rique, HyperUrbain 6 \u00bb. \u00c9ditions Europia Productions, Paris, 2018.<\/p>\n<p>Veyrat, Marc \/ Richard Spiteri \/ Ghislaine Az\u00e9mard. \u00ab Texte et Image 2 \u00bb. Presses de l\u2019Universit\u00e9 Savoie Mont-Blanc, University of Malta et Universit\u00e9 Paris 8 Cr\u00e9aTIC-ID\u00c9FI, LLSETI, Collection \u00ab Texte &amp; Image \u00bb, Chamb\u00e9ry, 2017.<\/p>\n<p>Veyrat, Marc. \u00ab 100 Notions pour l\u2019Art Num\u00e9rique \u00bb. Collection 100 Notions coordonn\u00e9e par Ghislaine Az\u00e9mard, Laboratoire Paragraphe \/ Paris 8, IDEFI-CreaTIC, FMSH livre hybride associe\u0301 a\u0300 la plate-forme 100 Notions <a href=\"http:\/\/www.100notions.com\">http:\/\/www.100notions.com<\/a>\/ \u00c9ditions de l\u2019Immat\u00e9riel, Paris, 2015.<\/p>\n<p>Veyrat, Marc. \u00ab\u00a0Arts et espaces publics\u00a0\u00bb. \u00c9ditions L\u2019Harmattan, Collection \u00ab\u00a0Local &amp; Global\u00a0\u00bb dirig\u00e9e par Gilles Rouet, Paris, 2013.<\/p>\n<p>Veyrat, Marc. \u00ab\u00a0G-SICA 10.1\u00a0\u00bb. Laboratoire LLSETI, \u00c9ditions Universit\u00e9 de Savoie, Collection \u00ab\u00a0\u00c9criture et repr\u00e9sentation\u00a0\u00bb, Chamb\u00e9ry, 2013.<\/p>\n<h2>Chapitres d\u2019ouvrage<\/h2>\n<p>Veyrat, Marc. \u00ab\u00a0Ce[LUi] que nous ne voyons et Ce[LUi] qui nous \u00ae-GARDE\u00a0\u00bb. In Visages \u00e0 contraintes. Sous la direction de Vincent Ciciliato et Marc Veyrat. \u00c9ditions Presses Universit\u00e9 Saint-\u00c9tienne \/ Presses de l\u2019Universit\u00e9 Savoie Mont-Blanc, Saint-\u00c9tienne, 2020 (en cours de publication).<\/p>\n<p>Veyrat, Marc. \u00ab\u00a0i-THINK U-\u00ae BODY\u00a0\u00bb. In BRAIN &amp; BODY. Sous la direction de Ana\u00efs Bernard. \u00c9ditions U.C.O., Universit\u00e9 Catholique de l\u2019Ouest, Angers, 2020 (en cours de publication).<\/p>\n<p>Veyrat, Marc. \u00ab F-CONNEXION, Pour une strat\u00e9gie de POSTCOLLECTION \u00bb. In Collecter, Cataloguer, Cartographier, Processus et m\u00e9thodologies de l&#8217;archivage num\u00e9rique et de sa consultation. Sous la direction de Karen O\u2019Rourke et Vincent Ciciliato, Presses de l\u2019Universit\u00e9 de Saint-\u00c9tienne, 2020.<\/p>\n<p>Veyrat, Marc. \u00ab\u00a0i-REAL contre CREEPER &amp; ZOMBIE BOY\u00a0\u00bb, In TEXTE &amp; IMAGE 5, Les Fabriques des Histoires. Sous la direction de Marc Veyrat, \u00c9ditions Presses de l\u2019Universit\u00e9 Savoie Mont-Blanc \/ Cr\u00e9aTIC ID\u00c9FI, Collection \u00ab Texte &amp; Image \u00bb, Chamb\u00e9ry, 2019, pp.96-117.<\/p>\n<p>Veyrat, Marc et Soudan, Franck. \u00ab\u00a0U-rss Z.M1 : Vers l\u2019in\/fini et l\u2019au-del\u00e0\u00a0\u00bb, In Art et Ville Post-Num\u00e9rique (HyperUrbain 6), sous la direction de Patrizia Laudati, Khaldoun Zreik &amp; Marc Veyrat, \u00c9ditions Europia, Paris, 2018, pp.130-145.<\/p>\n<p>Veyrat, Marc. \u00ab SUPERNATURE : Pour une strat\u00e9gie hyperm\u00e9dia \u2260 1 \u00bb. In M\u00e9lange Guilleret, sous la direction de Dominique Lagorgette et Laurent Ripart, Chamb\u00e9ry, LLSETI (Langages, litt\u00e9ratures, soci\u00e9t\u00e9s, \u00e9tudes transfrontali\u00e8res et internationales), Presses de l\u2019Universit\u00e9 Savoie Mont-Blanc, 2017, pp.451-464.<\/p>\n<p>Veyrat, Marc et Soudan, Franck. \u00ab FFF, Bleu comme une orange \u00bb. In Humanisme Num\u00e9rique : Valeurs et mod\u00e8les pour demain ? Volume 3, Prospective, mutations sociales, \u00e9conomiques et juridiques, sous la direction de Ghislaine Az\u00e9mard et Yves Th\u00e9or\u00eat, Les \u00c9ditions de l\u2019Immat\u00e9riel &#8211; R\u00e9seau des chaires UNESCO ORBICOM &#8211; Cr\u00e9aTIC. 2017, pp.211-231.<\/p>\n<p>Veyrat, Marc. \u00ab Trajets d\u2019i-( \u00bb. In Texte &amp; Image 2, sous la direction de Marc Veyrat. Collection Texte &amp; Image dirig\u00e9e par Marc Veyrat, Presses de l\u2019Universit\u00e9 Savoie Mont-Blanc, Chamb\u00e9ry, 2017, pp.101-119.<\/p>\n<p>Veyrat, Marc et Soudan, Franck. \u00ab FFF \u00bb. In Archiving and Questioning Immateriality \/ Proceedings of the 5th Computer Art Congress [CAC.5] sous la direction de Everardo Reyes-Garcia, Pierre Chatel-Innocenti &amp; Khaldoun Zreik, Editions Europia Productions, Paris, 2016, pp.336-352.<\/p>\n<p>Veyrat, Marc et Az\u00e9mard, Ghislaine. \u00ab Story Telling \u00bb. In Collection 28 \/ E, sous la direction de Carole Brandon, Laboratoire LLSETI, Presses de l\u2019Universit\u00e9 Savoie Mont-Blanc, Chamb\u00e9ry, 2016, pp.11-21.<\/p>\n<p>Veyrat, Marc. \u00ab DEATH &amp; NIGHT &amp; BLOOD-i \u00bb. In Collection 28 \/ E, sous la direction de Carole Brandon, Laboratoire LLSETI, Presses de l\u2019Universit\u00e9 Savoie Mont-Blanc, Chamb\u00e9ry, 2016, pp.45-53.<br \/>\nVeyrat, Marc et Soudan, Franck. \u00ab Les Chemins de la Culture, Bourg-en-Bresse : For a Hypermedia Landscape \u00bb. In HyperUrbain.5 : Temporalit\u00e9s de la ville. Sous la direction de Patrizia Laudati et Khaldoun Zreik. \u00c9ditions Europia Productions, Paris, 2016, pp.71-80.<\/p>\n<p>Veyrat, Marc. \u00ab READ-i Made in France \u00bb, In Collection 28 \/ A, sous la direction de Carole Brandon, Laboratoire LLSETI, Presses de l\u2019Universit\u00e9 Savoie Mont-Blanc, Chamb\u00e9ry, 2015, pp.14-19.<\/p>\n<h2>Prix et \/ ou distinctions<\/h2>\n<p>U-rss OD-i_see Prix Futur[S] Autrement &#8220;ANTICIPATION&#8221; remis par Ghislaine Az\u00e9mard, titulaire de la Chaire UNESCO \/ ITEN pendant le Colloque International \u00ab\u00a0Humanisme Num\u00e9rique\u00a0\u00bb 2016<br \/>\n<a href=\"http:\/\/humanismenumerique.fr\/fr\/creation\/u-rss-od-i_see\/\">http:\/\/humanismenumerique.fr\/fr\/creation\/u-rss-od-i_see\/<\/a><\/p>\n<p>i-REAL nomin\u00e9 in Laval Virtual ReVolution 2021: dispositif VR 4 \u201cALICE\u201c. Laboratoire CiTU \u2013 Paragraphe, Espace Mayenne, Laval, juillet 2021 <a href=\"https:\/\/www.laval-virtual.com\/fr\/selection-revolution-2021\/\">https:\/\/www.laval-virtual.com\/fr\/selection-revolution-2021\/<\/a><\/p>\n<h2>Organisation de colloques\/congr\u00e8s \u00e0 l\u2019\u00e9tranger<\/h2>\n<p>TEXTE &amp; IMAGE 6\u00a0: Pour un nouveau contrat social de l\u2019errance : entre Art[S], Territoire[S], Blockchain[S] et Crypto-monnaie[S], Universit\u00e9 de Malte, report\u00e9 en mars 2021\u00a0: <a href=\"https:\/\/www.facebook.com\/events\/1384503648409572\">https:\/\/www.facebook.com\/events\/1384503648409572<\/a><\/p>\n<p>TEXTE &amp; IMAGE 4\u00a0: Architexture Po\u00e9tique &amp; Humanisme Num\u00e9rique, Universit\u00e9 de Malte, mars 2017.<\/p>\n<p>TEXTE &amp; IMAGE 3\u00a0: Pour un patrimoine digital, Universit\u00e9 de Malte, mars 2016.<\/p>\n<p>TEXTE &amp; IMAGE 2\u00a0: Une mise en r\u00e9seau, Universit\u00e9 de Malte, mars 2015.<\/p>\n<p>TEXTE &amp; IMAGE 1\u00a0: Une mise en voyage, Universit\u00e9 de Malte, mars 2012.<\/p>\n","protected":false},"excerpt":{"rendered":"<p>Marc Veyrat Universit\u00e9 Savoie Mont-Blanc\u00a0 MCF 18\u00e8me Section \/ Laboratoire LLSETI \u2014 AXE 2\u00a0\u2014 Texte Image &amp; Arts Num\u00e9riques Responsable AXE 2-1 Les Fabriques des Histoires Chercheur associ\u00e9 Chaire UNESCO \/ ITEN Directeur D\u00e9partement Communication Hyperm\u00e9dia (2002 \u2013 2005 \/ 2008 \u2013 2012 &amp; depuis 2018) Champ de recherche\u00a0: Complexit\u00e9 de la mise en forme &hellip;<\/p>\n","protected":false},"author":15,"featured_media":0,"parent":15,"menu_order":0,"comment_status":"closed","ping_status":"closed","template":"","meta":[],"jetpack-related-posts":[{"id":15,"url":"https:\/\/citu-paragraphe.fr\/index.php\/membres\/","url_meta":{"origin":4337,"position":0},"title":"Membres","author":"Luis Torres Yepez","date":"13 novembre 2015","format":false,"excerpt":"Membres Khaldoun ZreikProfesseur des universit\u00e9sImad SalehProfesseur des universit\u00e9sArab Ben Ali Cherif Professeur des universit\u00e9sGilles BernardProfesseur des universit\u00e9sNasreddine BouhaiMa\u00eetre de Conf\u00e9rencesMarc VeyratMa\u00eetre de Conf\u00e9rences HDRGuillaume BesacierMa\u00eetre de Conf\u00e9rencesYoucef TouatiMa\u00eetre de Conf\u00e9rencesJean Jacques MariageMa\u00eetre de Conf\u00e9rencesRakia JaziriMa\u00eetresse de Conf\u00e9rencesSeddiki LyndaMa\u00eetresse de Conf\u00e9rencesMatthieu QuiniouMa\u00eetre de Conf\u00e9rencesNicolas SauretMa\u00eetre de Conf\u00e9rencesJean Jacques GayDocteur en SIC\u2026","rel":"","context":"Article similaire","block_context":{"text":"Article similaire","link":""},"img":{"alt_text":"","src":"","width":0,"height":0},"classes":[]},{"id":2129,"url":"https:\/\/citu-paragraphe.fr\/index.php\/membres\/luis-torres-yepez\/","url_meta":{"origin":4337,"position":1},"title":"Luis Torres-Yepez","author":"Luis Torres Yepez","date":"21 janvier 2019","format":false,"excerpt":"Luis Torres-Yepez Chercheur Associ\u00e9 Laboratoire Paragraphe FORMATION 2017 \u2013 2024. Doctorat en Sciences de l\u2019information et de la communication. Laboratoire CiTu \u2013 Paragraphe, Universit\u00e9 Paris 8 Vincennes - St. Denis, France. Th\u00e8se\u00a0: \u00ab\u00a0\u00c9tude de l\u2019appropriation du patrimoine culturel immat\u00e9riel gr\u00e2ce aux m\u00e9thodes num\u00e9riques. Visualisation et cartographie de la biopiraterie des\u2026","rel":"","context":"Article similaire","block_context":{"text":"Article similaire","link":""},"img":{"alt_text":"","src":"https:\/\/i0.wp.com\/img.youtube.com\/vi\/bobDY0AaTtg\/0.jpg?resize=350%2C200","width":350,"height":200},"classes":[]},{"id":90,"url":"https:\/\/citu-paragraphe.fr\/index.php\/accueil-test\/","url_meta":{"origin":4337,"position":2},"title":"A propos","author":"Pierre Ch\u00e2tel-Innocenti","date":"25 novembre 2015","format":false,"excerpt":"Qui sommes nous","rel":"","context":"Article similaire","block_context":{"text":"Article similaire","link":""},"img":{"alt_text":"","src":"","width":0,"height":0},"classes":[]},{"id":25,"url":"https:\/\/citu-paragraphe.fr\/index.php\/recherche\/","url_meta":{"origin":4337,"position":3},"title":"Axes de recherche","author":"Pierre Ch\u00e2tel-Innocenti","date":"13 novembre 2015","format":false,"excerpt":"Nos axes de recherche Chaque n\u0153ud de cet arbre est un axe de recherche de l'\u00e9quipe; de mani\u00e8re \u00e0 repr\u00e9senter l'axe principal (la Conception d'Information Hypermedia) \u00e0 la racine de l'arbre et les sous-axes - transversaux puis\u00a0centraux - qui en d\u00e9coulent, ainsi que leurs d\u00e9pendances. Pour obtenir plus d'information sur\u2026","rel":"","context":"Article similaire","block_context":{"text":"Article similaire","link":""},"img":{"alt_text":"","src":"","width":0,"height":0},"classes":[]},{"id":532,"url":"https:\/\/citu-paragraphe.fr\/index.php\/colloques\/cide\/","url_meta":{"origin":4337,"position":4},"title":"CIDE","author":"Pierre Ch\u00e2tel-Innocenti","date":"18 d\u00e9cembre 2015","format":false,"excerpt":"CIDE - Colloque International sur le Document Num\u00e9rique Site web d\u00e9di\u00e9:\u00a0cide18.europia.org Depuis 1998, CIDE propose un cycle de manifestations scientifiques sur le th\u00e8me du document \u00e9lectronique, avec pour objectif de confronter les points de vue des diff\u00e9rentes disciplines concern\u00e9es par sa conception et ses usages et de diffuser les derniers\u2026","rel":"","context":"Article similaire","block_context":{"text":"Article similaire","link":""},"img":{"alt_text":"","src":"https:\/\/i0.wp.com\/citu-paragraphe.fr\/wp-content\/uploads\/2015\/12\/couvCiDE18.jpg?resize=350%2C200","width":350,"height":200},"classes":[]},{"id":4769,"url":"https:\/\/citu-paragraphe.fr\/index.php\/nos-seminaires-bimensuels\/","url_meta":{"origin":4337,"position":5},"title":"Nos s\u00e9minaires bimensuels","author":"Nasreddine Bouhai","date":"13 avril 2023","format":false,"excerpt":"Nos s\u00e9minaires bimensuels (2025\/2026) _________________________________________________________________________________ Du trou surgit la fleur, les Alternate Reality Games comme sympt\u00f4me, rem\u00e8de et poison Lucile Hujeux Avec cette th\u00e8se de recherche-cr\u00e9ation, j\u2019essaie d\u2019interroger les Alternate Reality Games (ARGs) comme dispositifs esth\u00e9tiques, politiques et \u00e9pist\u00e9mologiques \u00e0 l\u2019\u00e8re du Web 3.0 et de l\u2019intelligence artificielle. En partant\u2026","rel":"","context":"Article similaire","block_context":{"text":"Article similaire","link":""},"img":{"alt_text":"","src":"https:\/\/i0.wp.com\/citu-paragraphe.fr\/wp-content\/uploads\/2026\/03\/Gemini_Generated_Image_tu2iddtu2iddtu2i-1.png?resize=350%2C200&ssl=1","width":350,"height":200,"srcset":"https:\/\/i0.wp.com\/citu-paragraphe.fr\/wp-content\/uploads\/2026\/03\/Gemini_Generated_Image_tu2iddtu2iddtu2i-1.png?resize=350%2C200&ssl=1 1x, https:\/\/i0.wp.com\/citu-paragraphe.fr\/wp-content\/uploads\/2026\/03\/Gemini_Generated_Image_tu2iddtu2iddtu2i-1.png?resize=525%2C300&ssl=1 1.5x, https:\/\/i0.wp.com\/citu-paragraphe.fr\/wp-content\/uploads\/2026\/03\/Gemini_Generated_Image_tu2iddtu2iddtu2i-1.png?resize=700%2C400&ssl=1 2x"},"classes":[]}],"_links":{"self":[{"href":"https:\/\/citu-paragraphe.fr\/index.php\/wp-json\/wp\/v2\/pages\/4337"}],"collection":[{"href":"https:\/\/citu-paragraphe.fr\/index.php\/wp-json\/wp\/v2\/pages"}],"about":[{"href":"https:\/\/citu-paragraphe.fr\/index.php\/wp-json\/wp\/v2\/types\/page"}],"author":[{"embeddable":true,"href":"https:\/\/citu-paragraphe.fr\/index.php\/wp-json\/wp\/v2\/users\/15"}],"replies":[{"embeddable":true,"href":"https:\/\/citu-paragraphe.fr\/index.php\/wp-json\/wp\/v2\/comments?post=4337"}],"version-history":[{"count":0,"href":"https:\/\/citu-paragraphe.fr\/index.php\/wp-json\/wp\/v2\/pages\/4337\/revisions"}],"up":[{"embeddable":true,"href":"https:\/\/citu-paragraphe.fr\/index.php\/wp-json\/wp\/v2\/pages\/15"}],"wp:attachment":[{"href":"https:\/\/citu-paragraphe.fr\/index.php\/wp-json\/wp\/v2\/media?parent=4337"}],"curies":[{"name":"wp","href":"https:\/\/api.w.org\/{rel}","templated":true}]}}