{"id":542,"date":"2015-12-18T10:14:16","date_gmt":"2015-12-18T09:14:16","guid":{"rendered":"http:\/\/citu-paragraphe.fr\/?page_id=542"},"modified":"2015-12-18T10:14:16","modified_gmt":"2015-12-18T09:14:16","slug":"hyperurbain","status":"publish","type":"page","link":"https:\/\/citu-paragraphe.fr\/index.php\/colloques\/hyperurbain\/","title":{"rendered":"HyperUrbain"},"content":{"rendered":"","protected":false},"excerpt":{"rendered":"","protected":false},"author":1,"featured_media":0,"parent":78,"menu_order":0,"comment_status":"closed","ping_status":"closed","template":"","meta":[],"jetpack-related-posts":[{"id":78,"url":"https:\/\/citu-paragraphe.fr\/index.php\/colloques\/","url_meta":{"origin":542,"position":0},"title":"Colloques","author":"Pierre Ch\u00e2tel-Innocenti","date":"23 novembre 2015","format":false,"excerpt":"Colloques organis\u00e9s en 2016 01Design CAC Call for papers Important dates CIDE EIA, Fronti\u00e8res Num\u00e9riques, H2PTM, HyperHeritage, HyperUrbain, ICHSL","rel":"","context":"Article similaire","block_context":{"text":"Article similaire","link":""},"img":{"alt_text":"","src":"","width":0,"height":0},"classes":[]},{"id":4337,"url":"https:\/\/citu-paragraphe.fr\/index.php\/membres\/marc-veyrat\/","url_meta":{"origin":542,"position":1},"title":"Marc Veyrat","author":"Luis Torres Yepez","date":"8 novembre 2021","format":false,"excerpt":"Marc Veyrat Universit\u00e9 Savoie Mont-Blanc\u00a0 MCF 18\u00e8me Section \/ Laboratoire LLSETI \u2014 AXE 2\u00a0\u2014 Texte Image & Arts Num\u00e9riques Responsable AXE 2-1 Les Fabriques des Histoires Chercheur associ\u00e9 Chaire UNESCO \/ ITEN Directeur D\u00e9partement Communication Hyperm\u00e9dia (2002 \u2013 2005 \/ 2008 \u2013 2012 & depuis 2018) Champ de recherche\u00a0: Complexit\u00e9\u2026","rel":"","context":"Article similaire","block_context":{"text":"Article similaire","link":""},"img":{"alt_text":"","src":"","width":0,"height":0},"classes":[]},{"id":90,"url":"https:\/\/citu-paragraphe.fr\/index.php\/accueil-test\/","url_meta":{"origin":542,"position":2},"title":"A propos","author":"Pierre Ch\u00e2tel-Innocenti","date":"25 novembre 2015","format":false,"excerpt":"Qui sommes nous","rel":"","context":"Article similaire","block_context":{"text":"Article similaire","link":""},"img":{"alt_text":"","src":"","width":0,"height":0},"classes":[]},{"id":17,"url":"https:\/\/citu-paragraphe.fr\/index.php\/membres\/khaldoun-zreik\/","url_meta":{"origin":542,"position":3},"title":"Khaldoun Zreik","author":"Pierre Ch\u00e2tel-Innocenti","date":"13 novembre 2015","format":false,"excerpt":"\u00a0 \u00a0Khaldoun ZREIK Professeur en Sciences de l'Information et d la Communication, Universit\u00e9 Paris 8 Directeur du D\u00e9partement Hyperm\u00e9dia (UFR MITSIC), Universit\u00e9 Paris 8 Responsable scientifique du\u00a0Groupe de recherche CITU- Paragraphe (Cybermedia, Interactions, Transdisciplinarit\u00e9 & Ubiquitous), Laboratoire Paragraphe, University of Paris 8 Co-directeur du\u00a0Master NET (Num\u00e9rique : Enjeux et Technologies):,\u2026","rel":"","context":"Article similaire","block_context":{"text":"Article similaire","link":""},"img":{"alt_text":"","src":"","width":0,"height":0},"classes":[]}],"_links":{"self":[{"href":"https:\/\/citu-paragraphe.fr\/index.php\/wp-json\/wp\/v2\/pages\/542"}],"collection":[{"href":"https:\/\/citu-paragraphe.fr\/index.php\/wp-json\/wp\/v2\/pages"}],"about":[{"href":"https:\/\/citu-paragraphe.fr\/index.php\/wp-json\/wp\/v2\/types\/page"}],"author":[{"embeddable":true,"href":"https:\/\/citu-paragraphe.fr\/index.php\/wp-json\/wp\/v2\/users\/1"}],"replies":[{"embeddable":true,"href":"https:\/\/citu-paragraphe.fr\/index.php\/wp-json\/wp\/v2\/comments?post=542"}],"version-history":[{"count":0,"href":"https:\/\/citu-paragraphe.fr\/index.php\/wp-json\/wp\/v2\/pages\/542\/revisions"}],"up":[{"embeddable":true,"href":"https:\/\/citu-paragraphe.fr\/index.php\/wp-json\/wp\/v2\/pages\/78"}],"wp:attachment":[{"href":"https:\/\/citu-paragraphe.fr\/index.php\/wp-json\/wp\/v2\/media?parent=542"}],"curies":[{"name":"wp","href":"https:\/\/api.w.org\/{rel}","templated":true}]}}

Pierre Châtel-Innocenti

Colloques organisés en 2016 01Design CAC Call for papers Important dates CIDE EIA, Frontières Numériques, H2PTM, HyperHeritage, HyperUrbain, ICHSL

Marc Veyrat Université Savoie Mont-Blanc  MCF 18ème Section / Laboratoire LLSETI — AXE 2 — Texte Image & Arts Numériques Responsable AXE 2-1 Les Fabriques des Histoires Chercheur associé Chaire UNESCO / ITEN Directeur Département Communication Hypermédia (2002 – 2005 / 2008 – 2012 & depuis 2018) Champ de recherche : Complexité…

Khaldoun ZREIK Professeur en Sciences de l'Information et d la Communication, Université Paris 8 Directeur du Département Hypermédia (UFR MITSIC), Université Paris 8 Responsable scientifique du Groupe de recherche CITU- Paragraphe (Cybermedia, Interactions, Transdisciplinarité & Ubiquitous), Laboratoire Paragraphe, University of Paris 8 Co-directeur du Master NET (Numérique : Enjeux et Technologies):,…
